423?
-2420521424
In base 15, what is 4 + -183a21?
-183a1c
In base 15, what is -276e9 - 45?
-2773e
In base 3, what is -111222211022 - 1012?
-111222212111
In base 5, what is -10 + -1003312412?
-1003312422
In base 12, what is -5 + 29a459?
29a454
In base 9, what is -5 - -62707764?
62707758
In base 6, what is -5 + -44124501424?
-44124501433
In base 16, what is 253d0 + b1?
25481
In base 4, what is -301201 - 32301301?
-33203102
In base 13, what is 3709 + ba21?
1242a
In base 15, what is -58d0d0 - -4?
-58d0cb
In base 11, what is -13 - 1663126?
-1663139
In base 14, what is 216a608 + 0?
216a608
In base 7, what is -60344 + -66?
-60443
In base 11, what is 48524622 - -4?
48524626
In base 5, what is 2342320024 + -203?
2342314321
In base 12, what is 2 - 327b059?
-327b057
In base 8, what is 30626612 + -24?
30626566
In base 3, what is 11021202101110 - -1002?
11021202102112
In base 12, what is 31a + 1367a3?
136b01
In base 4, what is 113311222310 - 1?
113311222303
In base 5, what is 1012321123013 - 10?
1012321123003
In base 16, what is 2 - -e812f9?
e812fb
In base 16, what is d1b1b97 + 2?
d1b1b99
In base 13, what is 3146392 - -2?
3146394
In base 7, what is -2 - 11166030?
-11166032
In base 2, what is -110010000000100010 - 101000010100?
-110010101000110110
In base 5, what is -31013021220 + -4?
-31013021224
In base 14, what is -7 - 61aba0?
-61aba7
In base 2, what is -1 - -101011010011100110101?
101011010011100110100
In base 14, what is 1428 - -31b4?
45dc
In base 11, what is 2 - 67987811?
-6798780a
In base 10, what is 524244 + -1991?
522253
In base 15, what is -9 - 9add1aa?
-9add1b4
In base 15, what is -52 - 2ddb?
-2e3d
In base 16, what is -26 - -c6538?
c6512
In base 4, what is 212032 - 10310101?
-10032003
In base 10, what is 120563 - 35?
120528
In base 16, what is -9f1 + 3da?
-617
In base 16, what is -1b0da5 + -11?
-1b0db6
In base 6, what is -24125223 + -23?
-24125250
In base 11, what is a0268 + -1?
a0267
In base 14, what is 2b9054 - 8?
2b904a
In base 16, what is 3 + 258e06?
258e09
In base 3, what is -110 + -12222021222?
-12222022102
In base 8, what is -441 - 261146?
-261607
In base 3, what is 22100022000101 - 11?
22100022000020
In base 4, what is -20003133030 + 0?
-20003133030
In base 2, what is -111010011100110001111 + -10?
-111010011100110010001
In base 12, what is -a19 + 87ab?
7992
In base 10, what is -22831 + 266?
-22565
In base 8, what is -4 - 551510251?
-551510255
In base 12, what is 1ab49 - 5a1?
1a568
In base 9, what is 206513 - -2146?
208660
In base 2, what is 110001110000101111011000001 + -1?
110001110000101111011000000
In base 3, what is 110100 - 101120011?
-101002211
In base 10, what is 383361895 + 1?
383361896
In base 9, what is -4 - -108710638?
108710634
In base 4, what is -11 - -10002033321210?
10002033321133
In base 16, what is 17aa75 - 16?
17aa5f
In base 11, what is -3 - -15093629?
15093626
In base 11, what is 79120 - -23?
79143
In base 10, what is -20073 - -22110?
2037
In base 4, what is 123 + -12001202312?
-12001202123
In base 10, what is 100 - -121881?
121981
In base 12, what is -7 - -7364632?
7364627
In base 7, what is 13230 + 1520?
15050
In base 10, what is 2765 + -7647?
-4882
In base 5, what is 1 + 10124011120?
10124011121
In base 11, what is -4 - -3913278?
3913274
In base 9, what is 7 + 18456277?
18456285
In base 12, what is 11268450 + 3?
11268453
In base 4, what is 201120103302 - 2?
201120103300
In base 2, what is 11000001101100110010 + 1000000111?
11000001110100111001
In base 5, what is -21132 + -22042044?
-22113231
In base 8, what is 14757 - 7745?
5012
In base 15, what is -e588 - -293?
-e2e5
In base 6, what is 2 - -355521022?
355521024
In base 15, what is -17d6012c - 0?
-17d6012c
In base 16, what is -83 + -16096?
-16119
In base 12, what is -1bb2b - -262?
-1b889
In base 11, what is -5 + 106691240?
106691236
In base 14, what is -13 + -13410b?
-134120
In base 15, what is -21 - -1262e89?
1262e68
In base 12, what is -535330a - -1?
-5353309
In base 12, what is -1541ab + -19b?
-15438a
In base 3, what is 102 - -12222100211210?
12222100212012
In base 7, what is 454114063 + 60?
454114153
In base 5, what is 113 - -4044213?
4044331
In base 9, what is -36200831 + -2?
-36200833
In base 4, what is -331233 + -3230?
-1001123
In base 5, what is 10312410 + 131040?
10444000
In base 15, what is 560 - -4713?
4c73
In base 7, what is -242632303 + 2?
-242632301
In base 7, what is 1 - -13141621?
13141622
In base 9, what is -124470 + 376?
-124083
In base 4, what is -3 - -2003020133103?
2003020133100
In base 4, what is -2022 + -3022303031?
-3022311113
In base 14, what is -86aca33 - 0?
-86aca33
In base 2, what is -10 - 110011101001011001110111?
-110011101001011001111001
In base 11, what is 5 - 741341?
-741337
In base 13, what is 3 + -69a297?
-69a294
In base 12, what is -5816584a + -5?
-58165853
In base 10, what is -7021990 - 11?
-7022001
In base 11, what is 2 + 21aa57a2?
21aa57a4
In base 16, what is a - -affb6?
affc0
In base 5, what is -10 - 1211034414034?
-1211034414044
In base 3, what is -1110100 + 1122210?
12110
In base 3, what is -1 + 221121110201112?
221121110201111
In base 13, what is -1bb + -184cba?
-1851a8
In base 3, what is 0 + -210220110222?
-210220110222
In base 12, what is 29 - 6925?
-68b8
In base 9, what is -31484573 - 3?
-31484576
In base 3, what is 1102020112 + -1012211002?
12102110
In base 4, what is 1330000 + 3001?
1333001
In base 6, what is 105051 - -2053?
111144
In base 9, what is 111554 - -86?
111651
In base 16, what is -bee - 978?
-1566
In base 9, what is 31 - 16701624?
-16701583
In base 3, what is -1 - -11112202202000021?
11112202202000020
In base 10, what is -683160 + -222?
-683382
In base 9, what is 11821525 - -5?
11821531
In base 14, what is 33648b + -4?
336487
In base 10, what is 6107997 - 5?
6107992
In base 11, what is 1 - 4375016?
-4375015
In base 10, what is -4339329 + 0?
-4339329
In base 7, what is -10 + 151431310?
151431300
In base 7, what is 1324 + -262645?
-261321
In base 3, what is 0 - 12012120110021022?
-12012120110021022
In base 12, what is -19 - 10654180?
-10654199
In base 12, what is -2a300186 + 1?
-2a300185
In base 3, what is -2 + 210022102102?
210022102100
In base 11, what is -376 - 135859?
-136124
In base 12, what is 52 + -8ba2a0?
-8ba24a
In base 9, what is -6461 + -8081?
-15552
In base 2, what is 11110100110011 + -101100001010001?
-1101100011110
In base 15, what is -3b4 + 13d82?
139bd
In base 2, what is 10110111011001 + 100000100101?
11010111111110
In base 16, what is a23 - -3c0e?
4631
In base 8, what is -132326 + -142?
-132470
In base 12, what is -36 + -10a2a7?
-10a321
In base 15, what is -2 + -34e3cc?
-34e3ce
In base 9, what is 68800 + -8274?
60515
In base 6, what is -1202324 - 10402?
-1213130
In base 3, what is 1012011021010 - 10?
1012011021000
In base 2, what is 101010110010111011000010000010 - -11?
101010110010111011000010000101
In base 13, what is -77c74 - -109?
-77b68
In base 14, what is -4 - -4372b87?
4372b83
In base 16, what is c6 + -16653?
-1658d
In base 7, what is -24331436 - -21?
-24331415
In base 6, what is -2 - -121301022?
121301020
In base 5, what is 24144 - -4412310?
4442004
In base 16, what is -c74a6f + -3?
-c74a72
In base 6, what is -2433455152 - -4?
-2433455144
In base 12, what is -15a246a - 50?
-15a24ba
In base 14, what is 602c5b - b?
602c50
In base 10, what is -3 - -1575125?
1575122
In base 11, what is -541257 + 3a4?
-540963
In base 6, what is 44521 - -3205344?
3254305
In base 10, what is 22725 - 338?
22387
In base 16, what is -d + -1493b?
-14948
In base 5, what is 3313 - 301233011?
-301224143
In base 4, what is 11 + 31131211312?
31131211323
In base 14, what is 9 - -cd1a5?
cd1b0
In base 11, what is 3 - 14a1794?
-14a1791
In base 16, what is -1e - -98a7c7?
98a7a9
In base 10, what is -490 - -689564?
689074
In base 9, what is 438 + 26?
465
In base 2, what is 1010 + -11001001110110101001?
-11001001110110011111
In base 6, what is -1531 + -425523?
-431454
In base 7, what is 110500 + -214455?
-103655
In base 8, what is 133 - 501416?
-501263
In base 12, what is 9490 + -1827?
7865
In base 16, what is 1 - -118ca6?
118ca7
In base 7, what is -1512540 - -3530?
-1506010
In base 7, what is 1 - 45633563?
-45633562
In base 9, what is 276 + 450266?
450553
In base 6, what is 25 - 5100240?
-5100211
In base 6, what is -212 